 is the tens digit of 23594?
9
What is the units digit of 35827?
7
What is the thousands digit of 2193?
2
What is the units digit of 52924?
4
What is the units digit of 1103?
3
What is the tens digit of 4531?
3
What is the hundreds digit of 6500?
5
What is the hundreds digit of 50241?
2
What is the ten thousands digit of 43755?
4
What is the ten thousands digit of 31169?
3
What is the units digit of 17952?
2
What is the units digit of 1231?
1
What is the thousands digit of 3079?
3
What is the hundreds digit of 22562?
5
What is the tens digit of 1700?
0
What is the thousands digit of 1598?
1
What is the tens digit of 25944?
4
What is the tens digit of 16992?
9
What is the tens digit of 3383?
8
What is the tens digit of 34648?
4
What is the hundreds digit of 14077?
0
What is the thousands digit of 7443?
7
What is the hundreds digit of 39388?
3
What is the units digit of 31268?
8
What is the tens digit of 3463?
6
What is the hundreds digit of 69391?
3
What is the units digit of 4934?
4
What is the units digit of 6207?
7
What is the hundreds digit of 9630?
6
What is the units digit of 47332?
2
What is the tens digit of 159?
5
What is the hundreds digit of 1411?
4
What is the units digit of 2451?
1
What is the hundreds digit of 11162?
1
What is the units digit of 1089?
9
What is the hundreds digit of 10243?
2
What is the ten thousands digit of 18703?
1
What is the hundreds digit of 2642?
6
What is the tens digit of 3385?
8
What is the tens digit of 1023?
2
What is the units digit of 847?
7
What is the hundreds digit of 4781?
7
What is the hundreds digit of 1461?
4
What is the tens digit of 988?
8
What is the units digit of 18184?
4
What is the ten thousands digit of 28295?
2
What is the tens digit of 1000?
0
What is the hundreds digit of 7838?
8
What is the units digit of 10096?
6
What is the hundreds digit of 2001?
0
What is the tens digit of 3455?
5
What is the ten thousands digit of 36034?
3
What is the tens digit of 880?
8
What is the thousands digit of 13343?
3
What is the hundreds digit of 1533?
5
What is the hundreds digit of 1725?
7
What is the tens digit of 51791?
9
What is the thousands digit of 4464?
4
What is the tens digit of 1899?
9
What is the thousands digit of 92301?
2
What is the tens digit of 2012?
1
What is the units digit of 4771?
1
What is the hundreds digit of 7012?
0
What is the tens digit of 1443?
4
What is the tens digit of 1005?
0
What is the hundreds digit of 13370?
3
What is the ten thousands digit of 66286?
6
What is the units digit of 3420?
0
What is the ten thousands digit of 25078?
2
What is the hundreds digit of 32591?
5
What is the tens digit of 2926?
2
What is the hundreds digit of 9535?
5
What is the thousands digit of 31352?
1
What is the hundreds digit of 23561?
5
What is the thousands digit of 6425?
6
What is the tens digit of 2919?
1
What is the tens digit of 16053?
5
What is the units digit of 276?
6
What is the hundreds digit of 8901?
9
What is the thousands digit of 1778?
1
What is the units digit of 1547?
7
What is the tens digit of 941?
4
What is the tens digit of 2482?
8
What is the hundreds digit of 988?
9
What is the tens digit of 1816?
1
What is the hundreds digit of 2542?
5
What is the tens digit of 25737?
3
What is the hundreds digit of 52428?
4
What is the units digit of 33283?
3
What is the units digit of 171272?
2
What is the hundreds digit of 10526?
5
What is the hundreds digit of 20230?
2
What is the tens digit of 42?
4
What is the hundreds digit of 4750?
7
What is the thousands digit of 4256?
4
What is the units digit of 87813?
3
What is the hundreds digit of 6619?
6
What is the thousands digit of 1517?
1
What is the units digit of 1721?
1
What is the units digit of 20866?
6
What is the tens digit of 14?
1
What is the units digit of 11289?
9
What is the units digit of 64310?
0
What is the units digit of 84305?
5
What is the thousands digit of 2804?
2
What is the units digit of 6999?
9
What is the ten thousands digit of 10812?
1
What is the ten thousands digit of 24873?
2
What is the units digit of 1502?
2
What is the hundred thousands digit of 106928?
1
What is the hundreds digit of 46631?
6
What is the units digit of 3175?
5
What is the tens digit of 345?
4
What is the units digit of 880?
0
What is the hundreds digit of 2151?
1
What is the hundreds digit of 19611?
6
What is the thousands digit of 1270?
1
What is the thousands digit of 18051?
8
What is the tens digit of 527?
2
What is the tens digit of 76853?
5
What is the tens digit of 48634?
3
What is the tens digit of 4636?
3
What is the thousands digit of 5865?
5
What is the hundreds digit of 161?
1
What is the hundreds digit of 22339?
3
What is the tens digit of 7336?
3
What is the ten thousands digit of 27424?
2
What is the ten thousands digit of 10849?
1
What is the ten thousands digit of 18219?
1
What is the units digit of 649?
9
What is the thousands digit of 9962?
9
What is the units digit of 919?
9
What is the units digit of 3011?
1
What is the hundreds digit of 394?
3
What is the units digit of 7580?
0
What is the hundreds digit of 5882?
8
What is the tens digit of 2635?
3
What is the thousands digit of 2986?
2
What is the tens digit of 2104?
0
What is the hundreds digit of 9943?
9
What is the hundreds digit of 951?
9
What is the thousands digit of 35201?
5
What is the tens digit of 763?
6
What is the ten thousands digit of 45811?
4
What is the hundreds digit of 4930?
9
What is the units digit of 276?
6
What is the tens digit of 106435?
3
What is the hundreds digit of 19164?
1
What is the units digit of 376?
6
What is the units digit of 714?
4
What is the units digit of 1591?
1
What is the ten thousands digit of 14698?
1
What is the thousands digit of 3170?
3
What is the hundreds digit of 17802?
8
What is the tens digit of 70208?
0
What is the units digit of 16869?
9
What is the thousands digit of 77776?
7
What is the thousands digit of 42778?
2
What is the hundreds digit of 1231?
2
What is the hundreds digit of 4480?
4
What is the tens digit of 587?
8
What is the thousands digit of 26792?
6
What is the units digit of 1932?
2
What is the tens digit of 3613?
1
What is the tens digit of 297?
9
What is the units digit of 815?
5
What is the thousands digit of 63012?
3
What is the units digit of 8220?
0
What is the units digit of 4070?
0
What is the thousands digit of 93693?
3
What is the ten thousands digit of 62356?
6
What is the units digit of 36600?
0
What is the thousands digit of 2829?
2
What is the tens digit of 5781?
8
What is the ten thousands digit of 25090?
2
What is the hundreds digit of 2649?
6
What is the tens digit of 120?
2
What is the hundreds digit of 346?
3
What is the thousands digit of 4429?
4
What is the units digit of 292?
2
What is the hundreds digit of 585?
5
What is the tens digit of 189?
8
What is the hundreds digit of 7862?
8
What is the units digit of 1527?
7
What is the thousands digit of 1559?
1
What is the ten thousands digit of 16087?
1
What is the tens digit of 638?
3
What is the tens digit of 4254?
5
What is the units digit of 16?
6
What is the units digit of 1093?
3
What is the units digit of 462?
2
What is the ten thousands digit of 96601?
9
What is the ten thousands digit of 74310?
7
What is the thousands digit of 3485?
3
What is the tens digit of 6511?
1
What is the units digit of 797?
7
What is the hundreds digit of 17524?
5
What is the hundred thousands digit of 115780?
1
What is the tens digit of 1296?
9
What is the hundreds digit of 22025?
0
What is the hundreds digit of 994?
9
What is the hundreds digit of 13840?
8
What is the hundreds digit of 648?
6
What is the hundreds digit of 694?
6
What is the ten thousands digit of 11774?
1
What is the tens digit of 1680?
8
What is the thousands digit of 1999?
1
What is the tens digit of 4988?
8
What is the tens digit of 4715?
1
What is the thousands digit of 12114?
2
What is the hundreds digit of 935?
9
What is the hundreds digit of 41908?
9
What is the units digit of 29690?
0
What is the thousands digit of 47735?
7
What is the units digit of 684?
4
What is the thousands digit of 47551?
7
What is the tens digit of 1095?
9
What is the units digit of 708?
8
What is the units digit of 644?
4
What is the units digit of 48409?
9
What is the thousands